3*s - 0*s - 385, 0 = -s + 5*p + 145. What is the units digit of 9/5*s/36?
6
Let t = 49 - -61. What is the tens digit of (-4)/12 + t/6?
1
Let v = -32 - -21. Let x = v + 16. Suppose -3*j + 8*l - 4*l + 40 = 0, -3*l = -x*j + 63. What is the tens digit of j?
1
Let t = 24 + 41. What is the units digit of t?
5
Let p(b) = 2*b**2 - 2*b. Suppose 4*d - 14 - 14 = 0. Let n = -9 + d. What is the units digit of p(n)?
2
Let v be 1 + (0 + -7)/(-1). Let g = -5 + v. What is the units digit of g?
3
Let d = -95 - -179. Suppose -11 = -i - 2*o - 1, 0 = -4*i + 3*o + d. What is the units digit of i?
8
Let f = 26 + -1. What is the tens digit of f?
2
What is the tens digit of 3/((-24)/218)*48/(-6)?
1
Let v(p) = 29*p**2 - p - 3. What is the units digit of v(2)?
1
Let d(u) be the third derivative of u**5/30 + 5*u**4/12 - 7*u**3/6 + 9*u**2. What is the tens digit of d(-8)?
4
Let t(o) be the second derivative of -o**3/3 - 17*o**2/2 + 4*o. What is the units digit of t(-12)?
7
Let v = -32 - -115. What is the tens digit of v?
8
Let x(z) = 3*z + 1. Let k be x(1). Suppose k*q + 128 = 8*q. What is the units digit of q?
2
What is the units digit of ((-9)/27)/(2/(-18))?
3
Suppose 0 = 5*o + 59 - 419. What is the tens digit of o?
7
Let l = -13 - -8. Let z(j) = 6*j**2 + 5*j + 0*j**3 + j**3 + 2 - 1. What is the units digit of z(l)?
1
Let k(q) = 5*q. Let v be k(9). Suppose -g - 2*g = -v. What is the units digit of g?
5
Suppose -75 - 72 = -3*p. Let k = p - 28. Suppose -3*f = 3 - k. What is the units digit of f?
6
What is the units digit of -4 - (-3 + 4)*-14?
0
Suppose 85 = 4*m - 3*a, 51 = 3*m + 2*a - 0*a. Suppose 0 = -p + 34 + m. What is the units digit of p?
3
Let v(o) = -o**3 + 3*o**2 - 3*o. Let n be v(2). Let u(m) = 2*m**2 + 2*m + 3. What is the units digit of u(n)?
7
Let m = 0 - -3. Suppose m*b + b = 24. Suppose -18 + b = -l. What is the units digit of l?
2
Let a(z) = -7*z - 40. What is the tens digit of a(-19)?
9
Let w(g) = -g + 5. What is the tens digit of w(-6)?
1
What is the tens digit of 4/(-5) + 2322/90?
2
Suppose o = -4*v + 7, 0*o - 2 = -3*v - 4*o. Let k(x) = 20*x + 2. What is the units digit of k(v)?
2
Let q = -7 - -10. Suppose -p - 2 = -q. What is the units digit of p?
1
Let q be (24/10 + -2)*-25. Let j be 5/25 - 18/q. Suppose -1 + 5 = j*z. What is the units digit of z?
2
Suppose 96*j = 92*j + 432. What is the units digit of j?
8
Suppose 4*c - 7*c = -138. What is the units digit of c?
6
Let a = -728 + 1021. What is the tens digit of a?
9
Suppose 6 = 2*l + 2. Suppose 0*s - 4*r + 33 = 5*s, 5*r = l*s. What is the units digit of s?
5
Let m be -2*(18/4 - -2). Let j = -10 - m. What is the units digit of j?
3
Suppose 756 = -2*x + 8*x. What is the units digit of x?
6
Let i(k) be the second derivative of -k**3/3 - 4*k**2 + 5*k. What is the units digit of i(-8)?
8
Let d(o) = o**3 - 11*o**2 + 29*o + 3. What is the units digit of d(9)?
2
Let f(g) = g**3 + 3*g**2 + 4. Let b(n) = -n - 11. Let v be b(-8). Let p be f(v). Suppose -p*r - r + 50 = 0. What is the tens digit of r?
1
Let t be 0 - -5 - (-1 + 2). Let v = -3 + t. What is the units digit of v?
1
Let h(y) = 7*y - 3. Let d(t) = -2*t + 5 - 5*t + t - 9*t. Let f(q) = 4*d(q) + 7*h(q). What is the units digit of f(-2)?
1
Let i = -66 - -326. What is the units digit of i?
0
Let o be 2 - (0 + -5)*-2. Suppose -j - g + 13 = 0, 2*g - 3*g = -2. Let k = o + j. What is the units digit of k?
3
Suppose 8*a - 6*a - 88 = 0. What is the tens digit of a?
4
Let q(h) = -h**2 + 2*h + 7. Let z be q(5). Let w = 12 + z. Suppose w*u - 16 = -0*u. What is the units digit of u?
4
Suppose 4*q - 30 = q. Suppose -q = -5*u + 5. What is the units digit of u?
3
Let u be (18/27)/(2/15). Suppose 3 - u = -r. What is the units digit of r?
2
Let h(i) = 2*i**2 - 4*i - 2. Let g be h(6). Suppose 0 = q - g. Suppose 4*m = 3*t - q, 3*t - 47 = -0*m + 5*m. What is the tens digit of t?
1
Let x = -72 + 150. Suppose 3*v + x = 5*v. What is the tens digit of -3*(v/(-9) - -1)?
1
Let q(c) = -c**2 - 4*c + 4. Let h be q(-4). Let p(t) = 9*t. Let z be p(h). Suppose -2*n = n - z. What is the tens digit of n?
1
Suppose -5*s = 2*s - 1981. What is the tens digit of s?
8
Let g be (-8)/(-6)*3/2. Suppose -4*z = g - 30. Let r = -2 + z. What is the units digit of r?
5
Suppose 5*q = -3*o + 45, 3*q + 2*q = 4*o - 25. Suppose i - 5*d = 6*i - o, 2*i - 14 = 3*d. What is the units digit of i?
4
Let c = 7 + -4. Suppose g + c = 9. What is the units digit of g?
6
Suppose 0 = 2*r - r - 2*o - 3, 3*r - 5*o = 9. Suppose -h - r*a = -4*a - 1, -3*h + a + 5 = 0. What is the units digit of h?
2
Let q(m) = 16*m**3 - 2*m**3 + 0*m**2 + m**2. Let t be q(1). Suppose 2*o - 19 = t. What is the units digit of o?
7
Let c = 100 + -64. What is the units digit of c?
6
Suppose -z + 0*z = -5*q + 1, -3*q = -4*z + 13. Suppose 0 = -2*g + v + 3, -2*v - 4 = z*g - 6*v. What is the units digit of g?
4
Let c(s) = -4 - 4 - 7*s**2 - 18*s + 6*s**2 + 0. What is the tens digit of c(-16)?
2
Let w be 24*4/3 - 1. Let y = w - 24. What is the units digit of y?
7
Suppose o - 2*h = 1, 0 = -5*o - 2*h - 0*h + 17. What is the units digit of o?
3
Let x(h) = 5*h - 21. What is the units digit of x(10)?
9
Let h(a) = 4 - 2*a + 1 + 0*a. Let x(k) = -k + 2. Let t(d) = 3*h(d) - 8*x(d). What is the units digit of t(1)?
1
Let v(q) = -3*q**2 - 5*q + 3. Let z(g) = 7*g**2 + 11*g - 5. Let w(b) = 5*v(b) + 2*z(b). Let o = -12 + 8. What is the units digit of w(o)?
1
Suppose -4*s + 14 = 2*h, 2*s + 4*h - 8 = 8. Let v(k) = -s - 1 - k**2 + 10*k + 1. What is the tens digit of v(8)?
1
Let x(g) = g**2 + 4*g - 10. What is the units digit of x(-8)?
2
Suppose -4*b = -3*b - 1. Suppose 0 = j - b. What is the units digit of j?
1
Let b be (-2 - 20/(-8))*10. Suppose 7 = -b*j + 52. What is the units digit of j?
9
Suppose -5*s = -4*q - 28, -4*s + 7*q = 4*q - 22. Suppose s*a + 4*g = -22 - 18, a + 2 = g. What is the units digit of ((-16)/a)/((-2)/(-3))?
4
Let l = -10 - -14. Let q = 7 - 3. Let o = l + q. What is the units digit of o?
8
Let z(r) = r**2 + 8*r - 6. Let k be z(-9). Let x(d) = d**3 + 2*d. What is the units digit of x(k)?
3
Let g(d) = -d**3 + 6*d**2 + d. Let h be (-36)/(-10) - 4/(-10). Suppose h*i - 6 = 3*i. What is the units digit of g(i)?
6
Let b(j) = -10*j + 8. What is the tens digit of b(-4)?
4
Let v be (-2 - 5) + 1/1. Let g(q) = -q**3 - 7*q**2 - 7*q + 3. Let i be g(v). Suppose -5*d + 15 = -b - i, 0 = -2*d - 4*b - 8. What is the units digit of d?
4
Suppose -3*j + 49 = -59. What is the units digit of j?
6
Let m(a) = 4*a**2 - 3. Let q(z) = 9*z**2 + z - 7. Let l(g) = -5*m(g) + 2*q(g). Let s be l(-1). What is the units digit of (-3)/(s/(-2)) - -10?
8
Let k = -111 - -209. What is the tens digit of k?
9
Suppose 0 = -3*k + 15, 10 - 36 = -2*y - 4*k. What is the tens digit of (15 - 0) + 6/y?
1
Suppose -4*t + 1 = -3*t. Let c = 10 - t. What is the units digit of c?
9
Let u(j) = 3*j**2 + 2*j - 2. Let w be u(-2). Suppose -5*r + 14 = -g, 5*r - w = -2*g - 4. Suppose -3*o + 10 = -r*o. What is the tens digit of o?
1
What is the tens digit of ((-424)/(-20))/((-2)/(-5))?
5
Let t(p) = -p**2 + 21*p + 13. What is the units digit of t(20)?
3
Let g be 4/2 + 0/3. Suppose -h + 4*f + 35 = 0, h = -g*f + 4*f + 27. What is the tens digit of (h/(-4))/((-2)/8)?
1
Suppose 4*w = 11*w - 182. What is the units digit of w?
6
Suppose 3*g - 193 + 22 = 0. What is the units digit of g?
7
Let i(o) = o + 38. What is the tens digit of i(-10)?
2
Let f be (-3)/12*0 - 2. What is the units digit of 6/((f/4)/(-1))?
2
Suppose -6*f = -401 - 139. What is the tens digit of f?
9
Suppose -2*r + i = r + 117, -5*r + 3*i - 191 = 0. Let a = 83 + r. What is the tens digit of a?
4
Let p(n) = 13*n**2 + 2*n + 4. What is the tens digit of p(3)?
2
Suppose -5*q - 177 = -432. What is the tens digit of q?
5
Let r be (-7)/14 + (-1)/(-2). What is the units digit of r - (-9 + 1 + 0)?
8
What is the units digit of (-684)/(-14) + (30/6)/35?
9
Suppose 2*k - 11 = -3*h, 0 = 3*h + 2*h - 3*k - 12. Suppose 3*g = -3*o - 2*o + 35, 4*g + h*o = 43. What is the units digit of g?
0
Let w be 2/(-6) + (-30)/(-9). Suppose -3 = -0*b + b, -z + b = -w. Suppose z*j - 16 = 4*j, -2*a - 16 = 5*j. What is the units digit of a?
2
Let z be (0 + 0)/(-3 + 1). Suppose 6 = 3*x - z*x. Suppose 5*h - x*g = 9, h + 5*g + 0*g = 18. What is the units digit of h?
3
Let l = 28 - -63. W